1
-ab (base 13) to base 15
-96
8 (base 9) to base 15
8
1323 (base 5) to base 15
e3
-424 (base 5) to base 8
-162
41 (base 6) to base 10
25
-5 (base 11) to base 8
-5
What is 10 (base 2) in base 16?
2
Convert -177 (base 8) to base 14.
-91
What is -33 (base 10) in base 2?
-100001
What is 8 (base 11) in base 6?
12
What is 19 (base 10) in base 8?
23
-1 (base 11) to base 3
-1
-4 (base 9) to base 14
-4
Convert 36 (base 12) to base 16.
2a
27 (base 12) to base 16
1f
What is -5 (base 15) in base 12?
-5
10 (base 7) to base 12
7
Convert -262 (base 9) to base 6.
-1002
Convert 24 (base 10) to base 12.
20
Convert -66 (base 9) to base 8.
-74
Convert 200 (base 4) to base 12.
28
-2 (base 5) to base 12
-2
Convert 1030 (base 4) to base 14.
56
What is -4 (base 8) in base 13?
-4
Convert -4 (base 14) to base 16.
-4
Convert -5 (base 13) to base 5.
-10
Convert 138 (base 12) to base 9.
228
3 (base 5) to base 12
3
What is -33 (base 8) in base 10?
-27
-1 (base 13) to base 6
-1
What is -22 (base 11) in base 9?
-26
What is -5 (base 14) in base 16?
-5
7 (base 15) to base 11
7
-85 (base 11) to base 16
-5d
Convert 22 (base 10) to base 11.
20
Convert -121 (base 9) to base 14.
-72
Convert 1112 (base 3) to base 7.
56
What is -5 (base 14) in base 12?
-5
-17a (base 11) to base 6
-544
Convert -130 (base 4) to base 5.
-103
-11311 (base 4) to base 14
-1c9
d5 (base 15) to base 12
148
What is 12 (base 8) in base 9?
11
-11111 (base 2) to base 14
-23
Convert -202 (base 6) to base 10.
-74
What is -40 (base 5) in base 14?
-16
What is -3 (base 9) in base 4?
-3
Convert -1 (base 3) to base 16.
-1
What is -223 (base 7) in base 8?
-163
-100001 (base 2) to base 11
-30
Convert 11 (base 12) to base 9.
14
Convert 41 (base 9) to base 16.
25
12 (base 4) to base 12
6
Convert 1b (base 14) to base 10.
25
Convert 101 (base 4) to base 7.
23
What is 222 (base 4) in base 15?
2c
Convert 510 (base 6) to base 14.
d4
201 (base 6) to base 2
1001001
What is a7 (base 11) in base 15?
7c
What is -330 (base 4) in base 13?
-48
101 (base 2) to base 4
11
What is 0 (base 2) in base 12?
0
-32 (base 14) to base 2
-101100
Convert -1 (base 12) to base 2.
-1
Convert 8 (base 15) to base 5.
13
What is -178 (base 9) in base 7?
-305
6 (base 10) to base 8
6
100 (base 2) to base 15
4
Convert 1 (base 4) to base 5.
1
What is -46 (base 10) in base 11?
-42
-1 (base 8) to base 5
-1
What is 27 (base 13) in base 12?
29
Convert -141 (base 15) to base 10.
-286
What is -4 (base 14) in base 15?
-4
Convert 2 (base 16) to base 9.
2
What is -13 (base 14) in base 2?
-10001
Convert -10011 (base 2) to base 9.
-21
What is d (base 15) in base 16?
d
Convert -21 (base 3) to base 5.
-12
What is 3 (base 10) in base 13?
3
110000 (base 2) to base 9
53
2 (base 13) to base 7
2
What is -2 (base 6) in base 2?
-10
Convert -12 (base 8) to base 3.
-101
Convert 22 (base 14) to base 16.
1e
-42 (base 15) to base 16
-3e
What is 3 (base 14) in base 3?
10
What is 10222 (base 3) in base 2?
1101011
Convert 4 (base 5) to base 11.
4
21 (base 10) to base 12
19
-16 (base 11) to base 6
-25
Convert 2 (base 11) to base 13.
2
18 (base 11) to base 8
23
What is -2 (base 7) in base 3?
-2
Convert 6 (base 13) to base 11.
6
Convert 2 (base 13) to base 11.
2
Convert -31 (base 6) to base 4.
-103
What is 0 (base 12) in base 10?
0
What is 2 (base 16) in base 13?
2
4 (base 14) to base 12
4
What is 5c (base 14) in base 16?
52
131 (base 8) to base 14
65
Convert -1 (base 7) to base 6.
-1
What is 29 (base 12) in base 6?
53
What is 0 (base 16) in base 12?
0
Convert 1 (base 13) to base 11.
1
Convert -a7 (base 15) to base 3.
-12211
What is 14 (base 5) in base 8?
11
-4 (base 7) to base 8
-4
What is -110 (base 3) in base 12?
-10
Convert 16 (base 14) to base 7.
26
10a (base 14) to base 7
413
Convert -100 (base 3) to base 11.
-9
Convert ed (base 16) to base 12.
179
What is 27 (base 13) in base 12?
29
Convert 521 (base 6) to base 14.
db
Convert -1011 (base 4) to base 11.
-63
What is 336 (base 8) in base 3?
22020
42 (base 12) to base 11
46
Convert -4 (base 13) to base 11.
-4
What is 0 (base 5) in base 9?
0
Convert -5 (base 9) to base 3.
-12
What is 12 (base 11) in base 14?
d
What is 4 (base 6) in base 3?
11
What is 18 (base 10) in base 7?
24
1 (base 10) to base 13
1
Convert -3 (base 15) to base 6.
-3
12 (base 3) to base 15
5
10 (base 5) to base 4
11
-5 (base 13) to base 14
-5
f (base 16) to base 6
23
What is -31 (base 8) in base 15?
-1a
What is -77 (base 9) in base 3?
-2121
What is -37 (base 15) in base 14?
-3a
Convert 4 (base 9) to base 13.
4
Convert 0 (base 14) to base 13.
0
216 (base 7) to base 14
7d
22 (base 9) to base 13
17
7 (base 14) to base 2
111
Convert 209 (base 11) to base 15.
11b
What is 4 (base 8) in base 16?
4
Convert 7 (base 10) to base 6.
11
10 (base 12) to base 6
20
92 (base 15) to base 11
115
-85 (base 10) to base 4
-1111
Convert 2 (base 6) to base 15.
2
-4 (base 8) to base 15
-4
What is 13 (base 6) in base 4?
21
-110000101 (base 2) to base 3
-112102
What is 1 (base 12) in base 8?
1
-1034 (base 5) to base 8
-220
What is 5 (base 15) in base 14?
5
Convert -3103 (base 4) to base 6.
-551
Convert 37 (base 11) to base 5.
130
What is -18 (base 13) in base 14?
-17
What is -10 (base 9) in base 3?
-100
Convert 1 (base 2) to base 10.
1
e7 (base 15) to base 4
3121
-26 (base 11) to base 2
-11100
-111001 (base 2) to base 16
-39
Convert -20 (base 3) to base 5.
-11
11110 (base 2) to base 9
33
What is 19 (base 15) in base 6?
40
What is 0 (base 8) in base 15?
0
What is -20 (base 4) in base 2?
-1000
8 (base 9) to base 14
8
What is -d (base 15) in base 8?
-15
Convert -2 (base 14) to base 8.
-2
-315 (base 11) to base 7
-1051
Convert -5 (base 11) to base 15.
-5
Convert -12 (base 10) to base 15.
-c
What is 3 (base 6) in base 5?
3
What is 2 (base 3) in base 4?
2
What is 10 (base 7) in base 11?
7
What is 17 (base 14) in base 7?
30
Convert -56 (base 7) to base 5.
-131
1 (base 14) to base 6
1
What is 2 (base 3) in base 8?
2
What is c1 (base 15) in base 8?
265
10 (base 4) to base 9
4
3 (base 6) to base 9
3
-22211 (base 3) to base 5
-1423
35 (base 12) to base 11
38
What is -2221 (base 3) in base 16?
-4f
What is -1 (base 3) in base 14?
-1
Convert -1 (base 4) to base 14.
-1
-54 (base 7) to base 13
-30
2302 (base 4) to base 5
1203
0 (base 10) to base 16
0
Convert -74 (base 9) to base 6.
-151
10 (base 2) to base 4
2
What is 1001 (base 2) in base 11?
9
Convert -106 (base 13) to base 4.
-2233
-15 (base 7) to base 13
-c
Convert -2 (base 3) to base 2.
-10
7 (base 12) to base 4
13
What is -11 (base 3) in base 4?
-10
Convert 1 (base 15) to base 5.
1
What is 122 (base 7) in base 15?
45
What is cb (base 15) in base 12?
13b
Convert 161 (base 12) to base 3.
22001
What is 13 (base 9) in base 14?
c
What is -36 (base 7) in base 15?
-1c
2 (base 6) to base 13
2
Convert 10 (base 16) to base 15.
11
Convert 7 (base 8) to base 15.
7
Convert 27 (base 15) to base 5.
122
-2 (base 15) to base 6
-2
-19 (base 11) to base 5
-40
5 (base 14) to base 3
12
Convert 55 (base 11) to base 7.
114
Convert 1f (base 16) to base 5.
111
-94 (base 16) to base 11
-125
What is b (base 12) in base 10?
11
What is -10 (base 2) in base 7?
-2
3 (base 12) to base 2
11
Convert 301 (base 4) to base 10.
49
What is -201 (base 6) in base 5?
-243
Convert -64 (base 11) to base 10.
-70
111 (base 3) to base 10
13
What is -1212 (base 3) in base 15?
-35
What is 76 (base 13) in base 2?
1100001
What is 42 (base 16) in base 3?
2110
Convert -10 (base 12) to base 2.
-1100
1 (base 7) to base 10
1
33 (base 8) to base 2
11011
Convert -7 (base 12) to base 3.
-21
-10 (base 9) to base 10
-9
What is 3 (base 6) in base 14?
3
What is 0 (base 11) in base 4?
0
Convert -10 (base 11) to base 14.
-b
Convert 7 (base 14) to base 10.
7
14 (base 5) to base 16
9
What is 14 (base 10) in base 14?
10
What is -1000001 (base 2) in base 6?
-145
Convert 4 (base 9) to base 16.
4
200 (base 4) to base 11
2a
Convert -5 (base 7) to base 14.
-5
Convert 4 (base 8) to base 9.
4
What is 102 (base 6) in base 11?
35
Convert d (base 14) to base 11.
12
Convert -1 (base 14) to base 5.
-1
What is 14 (base 14) in base 4?
102
What is 335 (base 8) in base 5?
1341
-3 (base 4) to base 11
-3
Convert 5 (base 10) to base 12.
5
Convert -10 (base 3) to base 10.
-3
What is -11100001 (base 2) in base 13?
-144
Convert 33 (base 4)